t is the units digit of h?
3
Let b(y) = y**3 - 5*y**2 - 6*y + 4. Let v be b(6). Suppose -v*g + 45 = g. What is the units digit of g?
9
Let z = 0 + -1. Let a be ((-3)/3 - z) + 3. Let k = a - 2. What is the units digit of k?
1
Suppose 0 = y + y - 4. Suppose 3*r - 5*m = 99, -y*r + 2*m = 19 - 81. What is the tens digit of r?
2
Suppose 5*v - 3 = 4*v. Suppose -v*r = -4*z + 14 + 3, 3*z - 18 = -3*r. What is the units digit of z?
5
Let h(g) = g**2 + g + 4. What is the units digit of h(-4)?
6
Let w = -5 - -156. Suppose -3*b - 12 = -4*y + w, 5*y - 201 = b. What is the tens digit of y?
4
Let u(t) be the third derivative of t**5/60 + t**4/24 - 5*t**3/6 - 3*t**2. What is the units digit of u(4)?
5
Suppose y - 22 - 2 = 0. Suppose -y = p - 5*p. What is the units digit of p?
6
Let b = -131 + 318. What is the tens digit of b?
8
Suppose -4*n = -b - 15, b = -2*n - 0 + 3. Suppose n*j = -j + 232. Suppose -22 + j = 4*q. What is the units digit of q?
9
What is the tens digit of ((-70)/20)/(2/(-12))?
2
Let a = 49 + -35. Let l = -20 + 11. Let h = l + a. What is the units digit of h?
5
Let z be (-8)/(-3)*9/4. Suppose 0 = -8*s - 11 - 13. Let n = z - s. What is the units digit of n?
9
Let t(o) = -o**3 + 5*o**2 - o + 7. Let h be t(5). Suppose -h*m = -16 - 22. What is the tens digit of m?
1
Let p = 1 - 1. Suppose p = -5*i + 6 + 24. What is the units digit of i?
6
Let w = 25 + -4. What is the units digit of w?
1
Suppose -n + h = 4*h - 18, 0 = -3*n - 2*h + 61. What is the tens digit of n?
2
Suppose -4*b + 23 + 29 = 0. Suppose 3*k + 4*l = 2*l - b, -4*l = 8. Let c = -2 - k. What is the units digit of c?
1
Suppose 3*i = -i. Suppose i = -7*n + 5*n + 58. What is the tens digit of n?
2
Suppose -5*q - 2*a = -3*a - 313, 3*q - 5*a = 201. What is the units digit of q?
2
Let h = 2 - 5. Let w = 15 + h. What is the units digit of 0 + 4/(w/9)?
3
Suppose c = 5*t - 1379, c + 157 = t - 122. What is the tens digit of t?
7
Let j be ((-17)/(-2))/(1/2). Let r be -2 - (-92)/(3 - 1). Suppose -3*h - j = -r. What is the units digit of h?
9
Suppose -4*s + 2*k + 152 = -s, -3*k = -4*s + 203. Suppose 4*h = 5*l - h - s, -5 = l - 4*h. What is the tens digit of l?
1
Let v be 14/(0 - (-6)/15). Let r = v + -23. What is the units digit of r?
2
Suppose -3*v = -6 - 0. Suppose -2*o + 14 = v. What is the units digit of o?
6
Let l(u) = 7*u. Let b(w) = -4*w + 4. Let n(d) = d - 1. Let m(k) = -2*b(k) - 9*n(k). Let g(p) = l(p) + 3*m(p). What is the units digit of g(3)?
5
Let c = 9 + 67. What is the units digit of c?
6
Suppose -2*x + 7 = -1. Suppose 5*c - g - 4 = -26, c + x*g = 4. What is the units digit of (-135)/(-20) - 1/c?
7
Suppose -6*w = -8*w + 10. What is the units digit of w?
5
Let a = 17 - 17. Suppose -4*l + 39 = -a*z + z, 4*l = -3*z + 45. What is the units digit of l?
9
Let z(l) = 2*l**2 - 3*l. Let j be z(3). Let t = 12 - j. Suppose 0 = 2*o - 5*h - 4, -6*o + 48 = -3*o + t*h. What is the tens digit of o?
1
Let j = 19 + -11. Let n(y) = 3*y + 10. What is the tens digit of n(j)?
3
Let s = -22 + 22. Suppose s = -0*k + 2*k - 70. What is the units digit of k?
5
Suppose 3 = 2*y + 1. Let l(p) = 7*p**3 + 0*p**3 - 5*p + 4*p + 2*p - 2*p**2. What is the units digit of l(y)?
6
Suppose 5*p - 220 = 5*r - 10, -2*r = -4*p + 162. What is the tens digit of p?
3
Let p(r) = 2*r**2. Let x be p(-1). Suppose x*w - 38 = -0*w. Suppose 0 = f - 5*y + 19, 0 = f + 3*y - 2 - w. What is the units digit of f?
6
Suppose 5*j + 1635 = 10*j. What is the units digit of j?
7
Suppose -3*s + 2*h + 2*h - 5 = 0, -2*s + 2*h = 4. Let n(o) = -4*o - 3. What is the units digit of n(s)?
9
Let d(s) = 4*s + 37. What is the tens digit of d(9)?
7
What is the hundreds digit of (-3 - (-6066)/15) + 4/(-10)?
4
Suppose -l - 2*c = -9, -4*l - l = -c - 56. Let t be ((-1 - -2)*l)/1. Suppose 2*z - 50 = -4*x, 5*x = 4*x - 2*z + t. What is the tens digit of x?
1
Let j be (-1)/(-2)*-1*-6. Suppose a = -j*a + 8. Suppose -z - a*z + 3*r + 18 = 0, -9 = -4*z - r. What is the units digit of z?
3
Let s be ((-2)/(-4))/(4/8). Suppose 4*v = 7 + s. Suppose 4*g - 13 - 5 = -v*i, -2*i = -g + 7. What is the units digit of g?
5
Suppose -209 = -3*f - 68. What is the units digit of f?
7
Suppose -4*t - 4*r + 132 = 0, 1 = 3*r - 5. What is the tens digit of t?
3
Let q(t) = 167*t - 16. What is the units digit of q(2)?
8
Let o(b) = -b + 5. What is the units digit of o(-3)?
8
Suppose 14*q - 136 = 13*q. What is the units digit of q?
6
Let p(l) = 13*l**2 + 2*l - 4. What is the units digit of p(3)?
9
Let w(m) = 4*m + 2. Let t be w(4). Let o be (-61)/(-9) - (-4)/t. Suppose -4*i + 5*i = o. What is the units digit of i?
7
Let p be (38/2)/(2 + -1). Suppose -4*n - p = 3*u, 2*n + 3*u = -0*n - 17. What is the units digit of (2/6)/(n/(-27))?
9
Suppose -3*l = l + 156. Let b = l - -74. Suppose 3*z = -5 + b. What is the units digit of z?
0
Suppose 2*q - 1 = 1. Let z(b) = 25*b**2 - b + 1. Let a be z(q). Suppose 0 = 5*i + 5*d - a, 2*d + 0*d = -3*i + 15. What is the units digit of i?
5
Suppose 0 = -3*h + h. Suppose -33 = -b - h*b + x, -3*x - 165 = -5*b. Suppose 5*w - 3*i = -2*i + b, -3*w - 3*i = -9. What is the units digit of w?
6
Suppose 2*j - 5*f - 319 = -64, 377 = 3*j - 2*f. What is the hundreds digit of j?
1
Suppose -3*u + 165 = 36. What is the units digit of u?
3
Let q(c) = -13*c - 45. What is the units digit of q(-11)?
8
Let y = 1 + 2. Suppose -3*q = -3*n + 48, 2*n - 2*q - y*q = 47. What is the units digit of n?
1
Suppose 12 = y + 3*y. Suppose 4*b - 5*d - 4 = -4*d, 3*b - y = 4*d. What is the units digit of b?
1
Let r(y) = -y**2 + 4*y - 1. Suppose 4*z + 1 = 13. Let w be r(z). Suppose -5*s + 8 = 3*n, -3*n + 43 = -0*s - w*s. What is the tens digit of n?
1
Let h(d) be the first derivative of -d**2/2 - 2*d - 3. Let t be h(-6). What is the units digit of (-1095)/(-65) - t/(-26)?
7
Let y = 3 - 1. Let i be (-1 + 2)*8/y. Suppose -i*f + 15 = f. What is the units digit of f?
3
Suppose v - 158 = -4*u, -2*v + 201 + 104 = -3*u. What is the tens digit of v?
5
Suppose -3*u + 22 - 4 = 0. What is the units digit of 1/1 - (5 - u)?
2
Suppose 6*i - 27 = -3*i. What is the units digit of i?
3
Suppose -n = -2*n + 3*g, 5*g + 12 = 3*n. Let v = n + -7. Suppose 35 = 3*h + v*h. What is the units digit of h?
7
Let v be 2 + 1 - (3 - 3). What is the units digit of (-7 + v)*1/(-2)?
2
Suppose -6 = -c - c + 2*a, 2*c + 3*a - 21 = 0. Let j = 17 + -15. Let t = c - j. What is the units digit of t?
4
Let n = -2 - -4. Let c(h) = h**n - h**2 - 9*h + 1 + h**2. What is the units digit of c(9)?
1
Let n be (-4)/(-4)*(14 + 0). Suppose 1 = -5*q + 6, -2*g + n = -2*q. What is the units digit of g?
8
Let u = -4 - -8. Let y be 4 - 3 - u/(-2). Let i = 4 - y. What is the units digit of i?
1
Let h(b) = b - 5. Let u be h(4). What is the tens digit of 24/14*u*-7?
1
Let y be 3 + (-2 + 3 - 1). Suppose l = -y*l. Suppose 3*m - 5 - 1 = l. What is the units digit of m?
2
Let g be 4 - 3/(-1) - 2. Suppose -5*q + 0*y - 4*y = -18, 0 = g*y + 15. What is the units digit of q?
6
What is the units digit of 62/(0 + (-5)/(-5))?
2
Let z be (-2)/(6/(-9)) + -6. Let j(i) be the second derivative of -i**4/12 - 2*i**3/3 - i**2 + i. What is the units digit of j(z)?
1
Suppose 5*x + 0*x = -5. Let c be (-3)/(-2 - x - 0). Suppose 30 = c*i + 2*i. What is the units digit of i?
6
Let l(r) = 2*r - 3. Let d be l(13). Suppose 2*q + f + 11 = 6*q, 0 = -2*q - 3*f + d. What is the units digit of q?
4
Let j(w) = -w + 11. What is the units digit of j(0)?
1
Let m be (-276)/(-14) + (-10)/(-35). Let p = -7 + 10. Suppose p*t + m = 7*t. What is the units digit of t?
5
Suppose 2*c - 4*c = b - 9, -3*c - 5*b + 10 = 0. Suppose 4*z - 6*z + 8 = 0. Suppose z*g - c*g = -4. What is the units digit of g?
4
Suppose 5*t - 196 = 4*k, 5*t - 4 = -2*k + 198. What is the tens digit of t + (6 - 2) + -7?
3
Suppose -4*n = -10 - 50. Suppose 0*o = -5*o + n. Suppose 0 = o*b - 5 - 7. What is the units digit of b?
4
Let i be -2*(12/(-8))/1. Suppose -4*k = k - 15, 0 = -i*p + 3*k + 69. What is the units digit of p?
6
Suppose 4*l - 2*l = 56. Suppose -5*c + 12 = -l. What is the units digit of c?
8
Suppose -9*m + 4*m = -40. What is the units digit of m?
8
Let j be (-43)/6 - (-2)/12. Let z(p) = 8*p + 3*p**2 + 10 + 2*p**2 - 4*p**2. What is the units digit of z(j)?
3
Let k(s) be the first derivative of -s**4/4 - 4*s**3/3 + s**2 + 5*s + 3.